*2 + 2*q + 1. Let t be m(-1). Let o be -28 + t/((-6)/4). Let h = o + 28. Let r(u) = 3*u**2 + 2*u. What is r(h)?
8
Suppose -2*q = -6, 3*p + 2*q - 6*q = 87. Let g = p - 34. Let d(t) = 3*t - 1. What is d(g)?
-4
Suppose x = -4*a + 11, -a - 2*x + 8 = -0*a. Let q(u) = -13*u**2 - 19*u + 11. Let v(r) = -5*r**2 - 8*r + 5. Let n(o) = -2*q(o) + 5*v(o). Calculate n(a).
3
Suppose -t - 20 = 60*c - 55*c, -9 = 3*t - 2*c. Let k(p) = p**3 + 5*p**2 + p - 4. Give k(t).
-9
Let x(h) be the first derivative of -3*h**2/2 - h + 46. What is x(-4)?
11
Let j(y) be the third derivative of 0*y + 8*y**2 - 1/24*y**4 + 1/3*y**3 + 1/60*y**5 + 0. Give j(-2).
8
Let s(h) = h. Let m(i) = i**3 + 17*i**2 - 19*i - 12. Let l be (-6)/((-2)/(-6)*-3)*-3. Let y be m(l). Determine s(y).
6
Let o(c) = c + 5. Let r = -7 + 3. Let x be 24/((-16)/r) - 2. Suppose 14 = -x*w - 2*u, 3*u + 2 + 1 = -3*w. Calculate o(w).
-1
Suppose -2 = -l - 8. Let f(h) = h**3 + 5*h**2 - 6*h - 5. What is f(l)?
-5
Let d(p) be the second derivative of p**5/20 + 11*p**4/12 - 13*p**3/6 - 9*p**2/2 - p. Let w be d(-12). Let h(f) = 2*f - 1 + 1 + 0*f. What is h(w)?
6
Let r(o) = o**3 - 6*o**2 - 6. Suppose 2*v = 6, -3*c + 4*v + 9 = -0*c. Suppose c = -7*h + 49. Determine r(h).
-6
Let k(p) = p**3 + 10*p**2 + 23*p + 15. Let r be k(-7). Let t(c) = -7*c + 3*c + 5*c - 2*c. Calculate t(r).
-1
Suppose -4*a + 2*a + 5*t = 25, -5*a - 19 = 2*t. Let k(x) = 7*x - 7. Determine k(a).
-42
Let k(y) = 4194*y + 1 - 1398*y - 1403*y - 1397*y. Determine k(-4).
17
Let a(p) = -p**2 - 10*p - 11. Suppose 0 = 12*j - 51 - 9. Suppose j*t = g + 4*g - 50, -2*g + 4 = 0. Determine a(t).
5
Let k = 11 + -12. Let b be (-96)/(-3) + 2 + k. Let j(w) = -b + 33 + w. Give j(1).
1
Let r(m) be the third derivative of 1/12*m**4 + 0 + 1/3*m**3 + 0*m + 1/60*m**6 + 0*m**5 + 11*m**2. Calculate r(-2).
-18
Let h(r) = -r**2 - 6*r - 9. Suppose -3*w - 6 = 0, -7 = 4*v - 2*w + 13. Give h(v).
-9
Let j(v) be the second derivative of v**3/3 + 3*v**2/2 + 2420*v. Suppose -5*t = 4 + 6. What is j(t)?
-1
Let x(y) = -y**2 + 7*y - 3. Let a = -23 - -5. Let f be (-48)/a - 1/(-3). Determine x(f).
9
Let s(a) = 163*a + 175*a + a**2 + 166*a - 498*a. Calculate s(-5).
-5
Let a(l) = -l**3 + 5*l**2 - l + 2. Suppose -3*n = -9*n. Suppose 0 = 3*o - 5*b - 15, -2*b = -n*b. What is a(o)?
-3
Suppose 6 = 2*r - 4. Let d(y) = -y**2 - y + 11. Let b be d(r). Let x = 16 + b. Let l(c) = 2*c**2 + c - 3. Give l(x).
12
Let o(n) = 6*n**3 - n**2 + 3*n**3 - 8*n**3 - 1 - 3*n. Suppose -5*f = 4*r + 18, -4*f = -5*r + 3 - 5. Calculate o(f).
-7
Let r(v) = -6*v**2 - 12*v - 3. Let c(y) = -y**2 - y - 1. Let g(x) = 5*c(x) - r(x). Calculate g(-5).
-12
Let s(y) = -y**3 - 3*y**2 + 2*y + 1. Let r(c) = 5*c**3 + 2*c**2 - 3*c - 7. Let i(f) = -r(f) - 4*s(f). Give i(10).
-47
Let m(x) = 2*x**3 - 3*x**2 - 2*x + 4. Suppose 9*u + 7 = 6*u - 4*v, 3*u + v - 5 = 0. Determine m(u).
25
Let n(c) = 18*c + 20. Let x(l) = 8*l + 9. Let i(u) = -3*n(u) + 7*x(u). Calculate i(-2).
-1
Let r = -6 + 1. Let q(t) = 1 - 81*t**3 - 6*t**2 - 4*t + 4 + 80*t**3 - 1. Calculate q(r).
-1
Let h(t) = t**2 + 7*t - 22. Let v(r) = -2*r**3 + 14*r**2 - 3*r + 12. Let s be v(7). Calculate h(s).
-4
Suppose -61*o + 62*o + 2 = 0. Let h(d) = -d**2 + 1. Give h(o).
-3
Let z(h) = 32*h - 410. Let o be z(13). Let n(w) = 3*w + 9. Let x(v) = -4*v - 9. Let c(k) = 5*n(k) + 4*x(k). What is c(o)?
3
Let y(u) = -29*u**3 + 2*u**2 + 2*u + 1. Let s be -1*2 - 10/60*-6. Give y(s).
30
Let n(z) be the second derivative of -z**6/720 + z**5/60 + z**4/2 + z**2/2 + 6*z - 1. Let i(k) be the third derivative of n(k). What is i(6)?
-4
Suppose 357 = -30*c - 21*c. Let j(l) = 2*l + 3. Calculate j(c).
-11
Let y(l) = -l**2 + 2*l - 5. Let s(k) = k**3 + 35*k**2 + 99*k + 99. Let m be s(-32). Give y(m).
-8
Let a(l) = -12*l**3 + 21*l**2 - 2*l - 8. Let d(o) = -16*o**3 + 29*o**2 - 3*o - 11. Let b(i) = 11*a(i) - 8*d(i). Suppose -p + 5*p = -8. Determine b(p).
24
Let q(d) = -d**3 - 3*d**2 + 7. Let h be q(-3). Let v(u) = -u**2 + 10*u - 10. What is v(h)?
11
Let z(m) = 5*m + 24. Suppose -50 + 100 = -10*h. What is z(h)?
-1
Let d(q) = 5*q**2 + 16*q - 8. Let a(h) = -8*h**2 - 17*h + 7. Let t(c) = 2*a(c) + 3*d(c). Give t(13).
3
Suppose -2*k - 5*z - 32 = 0, 2*z = 2*k - 0*z + 4. Let w be 44/16 - k/(-8). Let g(d) = d**w + d - 7*d + 1 - 3. Determine g(6).
-2
Suppose 0 = -0*v + 3*v + 2*v. Let p(i) = 2*i**2 + i + 2. Let u be p(v). Let x(c) = -c + 3. Give x(u).
1
Let q(y) = -2*y + 11. Let s be q(11). Let i = s - -15. Let d(w) = -2*w**2 - i*w**2 + 5 - w + 7*w**2 - 3*w. Determine d(4).
5
Let w(d) be the first derivative of 7*d**4/4 - d**3/3 - 100. What is w(-1)?
-8
Suppose 0 = 4*t - 0*t. Let c(p) = -2*p + 2 + 5*p + t*p. Suppose -95*o = 78 + 492. Give c(o).
-16
Let p(r) = -17 - 16 + 9*r - 6*r**2 - r**3 + 39. Calculate p(-7).
-8
Suppose 0 = -3*q + 39 + 18. Suppose 4*w - 7 = -q. Let z(s) be the second derivative of s**3/3 - s**2/2 - s. Calculate z(w).
-7
Suppose -73*k + 77*k = 20. Let b(g) = 7 + 39*g + 4 - 37*g - k. Give b(-4).
-2
Let r be 9/(-6)*8/(-6). Let q(s) = -s**2 - r + 5 - 4 + s + s**3. Let k(j) = -2*j**3 - 5*j**2 + 6*j - 6. Let i(m) = k(m) - 6*q(m). What is i(1)?
-7
Let f(g) be the second derivative of g**5/20 - 5*g**4/12 - 7*g**3/6 - g**2 + g + 129. Calculate f(6).
-8
Let w(a) = -a**2 + 6*a. Let s(b) = -2*b - 5. Let t be s(-5). Give w(t).
5
Suppose 5*v + 2*g - 13 = -2, -4*g - 17 = -3*v. Let z(x) = -4*x - 1. Let j(l) = 17*l + 5. Suppose 0*u = -2*u + 18. Let s(r) = u*z(r) + 2*j(r). Give s(v).
-5
Suppose 0*j = -4*j + 12. Let u be (4 - j) + (-2 - -1). Let k(x) = -2 + 5*x + 6 - 6*x. Give k(u).
4
Let o(s) be the first derivative of s**3/6 - s**2/2 - 8*s - 20. Let r(x) be the first derivative of o(x). Calculate r(2).
1
Let b(h) be the third derivative of h**6/120 + h**3/6 + 24*h**2. Calculate b(-1).
0
Let n(k) = 2*k**2 - 12*k + 5. Let r = -703 + 709. Calculate n(r).
5
Let p(a) = -a + 5. Suppose 4*d - 236 = -2*n, d + 353 = 3*n + 6*d. Let u = n - 112. Calculate p(u).
1
Let i be (16/(32/(-27)))/(3/(-4)). Let h(v) = v**2 - 19*v + 17. What is h(i)?
-1
Let y be (-2)/(-5)*(-5)/(-3). Let k(c) be the third derivative of 3*c**2 + 1/120*c**6 - 1/30*c**5 - 1/6*c**4 + 0*c + 0 + y*c**3. Give k(3).
1
Let r(a) = -5*a**3 + 3*a**2 - 2*a - 6. Let x(t) = -4*t**3 + 2*t**2 - t - 4. Let b(f) = -3*r(f) + 4*x(f). Calculate b(-2).
2
Let z(v) = -2*v**3 - 5*v**2 + 2*v + 1. Let t(l) = l**3 + 5*l**2 - 2*l - 2. Let b(r) = 3*t(r) + 2*z(r). Let p be 3/(20/(-16)*-4 + -4). Give b(p).
8
Suppose 4 = -3*j + 7. Let u be (j/3)/(17/102). Let i(r) = 3*r**2 + u*r**2 - 8*r**2 + r + 4*r**2. Give i(0).
0
Let x be (2/30*5)/((-1)/(-15)). Let p(r) = r**2 - 4*r + 5. Calculate p(x).
10
Suppose 4*i = -2*v + 8*i + 10, v - i - 5 = 0. Let z(u) = -u**3 + 5*u**2 + 2*u - 9. Calculate z(v).
1
Let y(t) = -5*t + 10. Let p(b) = 7*b - 9. Let d(n) = 2*p(n) + 3*y(n). Determine d(6).
6
Let a(j) be the second derivative of 1/20*j**5 - 7/2*j**2 + 1/6*j**3 + 0*j**4 - 10*j + 0. Give a(0).
-7
Let w(d) = -4 + 4 + 11 + 1 + 6*d. What is w(7)?
54
Let f(m) = -m**2 + m - 3. Let t be (-2 - -4) + 8 + -4. Determine f(t).
-33
Let n(v) = -3*v**3 - 6*v**2 + v + 4. Let p(s) = 4*s**3 + 7*s**2 - s - 4. Let z(u) = 3*n(u) + 2*p(u). Let y be 4/26 - (-162)/(-39). What is z(y)?
0
Let c(g) = 6*g**2 - 1. Let p be c(1). Let m(l) = l**2 - 7*l + 5. Let q be m(p). Let h(j) = j**3 + 5*j**2 + 2*j + 5. Determine h(q).
-5
Let i(n) be the third derivative of -2*n**4/3 + n**3/2 - 72*n**2 - 1. What is i(2)?
-29
Let j(u) = -3*u**2 + u - 3. Let d(x) = -19*x**2 + 7*x - 9. Let z(y) = -d(y) + 6*j(y). Give z(-4).
11
Suppose -5*u = 2 - 27. Let n(p) be the third derivative of -p**4/6 + p**3/6 + p**2. Let i(s) = 2*s - 1. Let f(k) = 5*i(k) + 2*n(k). Determine f(u).
7
Let t(z) = z**2 + 30*z + 23. Let s(u) = 7*u + 6. Let g(p) = -9*s(p) + 2*t(p). Give g(4).
12
Let c(q) = q**2 - 7*q. Let o be (-3 - (-1 + -2)) + 8. Let l = o - 14. Let d = 9 + l. Determine c(d).
-12
Let u(l) = l**3 + l**2 - l + 1. Suppose -14 = 3*a + 5*m, 3*a - 6 = 2*a + m. Suppose 3*h = 5*k + 14, -4 = 3*k - a*k. Calculate u(h).
-1
Let a(g) = g - 4. Let u(k) be the second derivative of -k**3/2 - 9*k**2/2 + 2*k. Let s be u(-9). Suppose 3*b - b - 5*r = -21, 2*r = -4*b + s. Give a(b).
-2
Let r(u) = 7*u + 5. Let c(t) = -3*t - 3. Let w = -3 - -1. Let q(l) = w*r(l) - 5*c(l). Suppose 4*s + 20 = -0*